, what is 441 + -203214?
-202223
In base 13, what is 293 + -13a?
156
In base 3, what is 120201020111 + 11?
120201020122
In base 4, what is -31231 + 312?
-30313
In base 11, what is -19 + 10854?
10836
In base 14, what is 3 - 3828?
-3825
In base 6, what is 30 - 430?
-400
In base 3, what is -11211012 + 1011?
-11210001
In base 9, what is -325655 + 3?
-325652
In base 13, what is -85 - 7?
-8c
In base 6, what is -135 - -1250?
1111
In base 16, what is 1141 - 5a?
10e7
In base 15, what is -1 + -20a5?
-20a6
In base 9, what is -14401 - 3?
-14404
In base 14, what is -1 - 477b?
-477c
In base 7, what is 1 - -164441?
164442
In base 11, what is -28510 - -10?
-28500
In base 8, what is -235744 - -20?
-235724
In base 15, what is -203c6 + -2?
-203c8
In base 11, what is -87444 - -9?
-87436
In base 16, what is -6efe - -4?
-6efa
In base 14, what is -9b + 43?
-58
In base 11, what is 2 + 32996?
32998
In base 3, what is 201102102111 + 11?
201102102122
In base 2, what is -10100110011101001 + 101?
-10100110011100100
In base 13, what is -1b - -149?
12b
In base 14, what is 4 - -330d?
3313
In base 9, what is -877062 - -5?
-877056
In base 5, what is 130013424 + 4?
130013433
In base 13, what is 397 - 10?
387
In base 11, what is -27 + 60000?
5aa84
In base 15, what is 4674 + 13?
4687
In base 6, what is -45421 + -1155?
-51020
In base 16, what is -3 - 6a888?
-6a88b
In base 7, what is -3 + 20426206?
20426203
In base 5, what is -11022 - -12430?
1403
In base 5, what is -2323 + 1124?
-1144
In base 2, what is 1000100 + -1000000001001100?
-1000000000001000
In base 2, what is -11001 - 11011101101100?
-11011110000101
In base 9, what is -37150 - -3?
-37146
In base 6, what is -4442 - -20?
-4422
In base 6, what is -1020520 + -101?
-1021021
In base 4, what is 31 - 11203?
-11112
In base 8, what is 1017175 + -3?
1017172
In base 16, what is e3bd - e?
e3af
In base 9, what is 508 - 10?
488
In base 8, what is -11602 - -16?
-11564
In base 6, what is -1411 - -124021?
122210
In base 3, what is -10111 + -22200?
-110011
In base 7, what is 5331666 + 4?
5332003
In base 11, what is -4 + -965a?
-9663
In base 5, what is -4411314 + 1?
-4411313
In base 3, what is 10020221 + -2212?
10011002
In base 12, what is -140 + -14b?
-28b
In base 9, what is 1 - -7531?
7532
In base 6, what is 12322 + 2034?
14400
In base 9, what is 860 + -23?
836
In base 16, what is -2fc6 - 6?
-2fcc
In base 14, what is 3 + -8c72?
-8c6d
In base 12, what is -24 - -21998?
21974
In base 2, what is -10000011101 - 1000100100?
-11001000001
In base 13, what is -2 - -201718?
201716
In base 15, what is 3bcaa - 5?
3bca5
In base 8, what is -255223 - -2?
-255221
In base 8, what is 5 - 125421?
-125414
In base 5, what is -10 + -111132211?
-111132221
In base 8, what is -203135 + -4?
-203141
In base 7, what is -104 + -405?
-512
In base 15, what is 4 + 16bd8?
16bdc
In base 2, what is 1 + -10001101000110?
-10001101000101
In base 9, what is -44 + -37165?
-37220
In base 9, what is -2068 + -1504?
-3573
In base 3, what is 10 - 211200120?
-211200110
In base 6, what is -10013 - 52?
-10105
In base 2, what is 1000 - -100000011110010111?
100000011110011111
In base 15, what is bb6a6 - 4?
bb6a2
In base 14, what is 1 + 568b?
568c
In base 16, what is -1721d + -2?
-1721f
In base 2, what is -10001010 + -101010000011011?
-101010010100101
In base 15, what is -22b73 - 0?
-22b73
In base 15, what is 205 + 38?
23d
In base 12, what is a + -76a3?
-7695
In base 5, what is -13 + 42022230?
42022212
In base 10, what is 96152 + -4?
96148
In base 6, what is 10511 - 0?
10511
In base 4, what is -32231 - -10333?
-21232
In base 15, what is -3256 + -5b?
-32b2
In base 14, what is -17723 - -8?
-17719
In base 4, what is 23232 - -22102?
112000
In base 15, what is -7 - -2b04?
2aec
In base 15, what is -59 - -42a?
3c1
In base 16, what is -5 - -257a?
2575
In base 8, what is 4 - 2207?
-2203
In base 13, what is -1 - 238a0?
-238a1
In base 5, what is -43 - 11043?
-11141
In base 9, what is -24102 + -6?
-24108
In base 10, what is 7 + -6108?
-6101
In base 6, what is 144 + 501005?
501153
In base 9, what is 145 + -35208?
-35053
In base 12, what is 497 + -1049?
-772
In base 5, what is 31433 + -232?
31201
In base 10, what is 83 - 1410?
-1327
In base 6, what is 1331 + 43301?
45032
In base 16, what is -3196 - 3e?
-31d4
In base 14, what is -67 - -2a54?
29cb
In base 15, what is -349e + 68?
-3436
In base 3, what is -10 + -22211011101?
-22211011111
In base 14, what is 3 - -c3b6?
c3b9
In base 10, what is 16 - -118?
134
In base 15, what is -1bb0 + 21?
-1b8e
In base 10, what is -30 - -997?
967
In base 3, what is 2001012100 + 0?
2001012100
In base 9, what is 105706 + 3?
105710
In base 12, what is -534a6 - -3?
-534a3
In base 9, what is 1567 - -14?
1582
In base 15, what is 2d + 444?
472
In base 5, what is -1130341 + 2?
-1130334
In base 14, what is -6560 - 2?
-6562
In base 15, what is 57a + 53?
5cd
In base 5, what is -3132440 + -14?
-3133004
In base 15, what is -1 - -1e05?
1e04
In base 8, what is 1 + -1444462?
-1444461
In base 7, what is -1252222 + 4?
-1252215
In base 11, what is -6 - 2a994?
-2a99a
In base 12, what is 6697 - -4?
669b
In base 8, what is 1250 - -20?
1270
In base 11, what is -41855 - 38?
-41892
In base 13, what is -2 + 2033?
2031
In base 7, what is -3 - -2023442?
2023436
In base 13, what is -1a32 + 36?
-19c9
In base 7, what is -22 + -26411?
-26433
In base 4, what is -33 - -1203?
1110
In base 11, what is -9 + 5a0a?
5a01
In base 16, what is 79965 + -3?
79962
In base 6, what is -5 - -15333?
15324
In base 9, what is -13431 + -10?
-13441
In base 8, what is -667333 - 3?
-667336
In base 5, what is -3223024 - -100?
-3222424
In base 14, what is 76c + 1b?
789
In base 2, what is -11100100101100011 - -111?
-11100100101011100
In base 2, what is -10111011110000010000 + 101?
-10111011110000001011
In base 14, what is 4 + a8c?
a92
In base 2, what is -1000 + -10100000000111?
-10100000001111
In base 16, what is 1 + 7c87?
7c88
In base 14, what is 96 - 36?
60
In base 15, what is -2d + -6e3?
-721
In base 4, what is -1010222 + 102?
-1010120
In base 5, what is -21 + -32321?
-32342
In base 16, what is dce0 - -5?
dce5
In base 13, what is -256895a + 5?
-2568955
In base 7, what is -360031 + 40?
-356661
In base 16, what is -2 - -af23c?
af23a
In base 11, what is -60595 + 0?
-60595
In base 7, what is -235 - -111?
-124
In base 16, what is -2 - 27873?
-27875
In base 3, what is -2101212122 + -11?
-2101212210
In base 16, what is -3e815 + -5?
-3e81a
In base 10, what is -1136 + 75?
-1061
In base 2, what is 1 + -101111000100110101?
-101111000100110100
In base 2, what is 100111100 + 0?
100111100
In base 5, what is -3143203 - -223?
-3142430
In base 3, what is -12220010 - -202?
-12212101
In base 8, what is -7 + 2037134?
2037125
In base 3, what is 11 - -1011122211?
1011122222
In base 13, what is 1246 + -41?
1205
In base 9, what is 174 - 3020?
-2735
In base 9, what is -24 + -12252?
-12276
In base 14, what is 7 + -ba9?
-ba2
In base 3, what is -120121 + 10222?
-102122
In base 9, what is -14240 - -14?
-14225
In base 4, what is -1303323332 - -1?
-1303323331
In base 12, what is 1666 - 102?
1564
In base 5, what is -13 + -31412403?
-31412421
In base 8, what is 1004 - 302?
502
In base 11, what is 16666 - 3a?
16627
In base 12, what is 8377b0 + 4?
8377b4
In base 9, what is -7101 - 33?
-7134
In base 14, what is -84665 - -1?
-84664
In base 11, what is -12 + -5325?
-5337
In base 13, what is 15 - -c?
24
In base 5, what is -1 - -14312243?
14312242
In base 15, what is -16 - 65c?
-673
In base 7, what is -1002 + -123?
-1125
In base 12, what is -57715 - -3?
-57712
In base 7, what is 40544 - 10?
40534
In base 8, what is -560136 + 5?
-560131
In base 4, what is -1111 - -12213?
11102
In base 8, what is -42061 + -2?
-42063
In base 8, what is 120637 - -51?
120710
In base 9, what is -335300 - 5?
-335305
In base 15, what is -1 - 6b4a?
-6b4b
In base 4, what is 0 - 2031110?
-2031110
In base 6, what is -1 - 32143?
-32144
In base 5, what is -1113131 - -4?
-1113122
In base 6, what is -3240 + -10154?
-13434
In base 6, what is -1 - -1303543?
1303542
In base 12, what is 2039 - 9?
2030
In base 8, what is 5 - -23773?
24000
In base 16, what is fbfd - 4?
fbf9
In base 12, what is -5 - -17401?
173b8
In base 3, what is 10 + -111210000?
-111202220
In base 15, what is 6 + 38d6?
38dc
In base 